560. Suppose -d = -3*d + o. What are the prime factors of d?
2, 7
Let n = 3 + -2. Suppose -2*o - 2*g + 21 - 7 = 0, -3*o = -g - n. Suppose -o*f + 5*h = 3*f - 20, h + 14 = 3*f. What are the prime factors of f?
5
Let y = -14148 - -22926. List the prime factors of 25/(1225/y) + (-2)/14.
179
Suppose f + 3*d = -4*f + 1947, 3*f + 2*d - 1169 = 0. What are the prime factors of f?
3, 43
Let d be 2/(2 - 0) + 2. Suppose 0 = -5*y + d*o + 73, o = y + 5*o - 10. Suppose h + 73 = 4*g - y, 105 = 5*g - 5*h. List the prime factors of g.
2, 11
Let y be 2/7 - 1236/14. Let p = -52 - y. Let c = p - 13. What are the prime factors of c?
23
Let y(k) = 2*k**2 + 31*k - 133. List the prime factors of y(-28).
3, 7
Suppose -4*l = -4*q + 6*q - 564, -2*l + 8 = 0. Suppose 4*i - q = 3*d, 3*i - 50 - 166 = -3*d. List the prime factors of i.
2, 5, 7
Let g = 20 - -36. Suppose b - g = -3*b. What are the prime factors of 2040/70 + (-2)/b?
29
Let i = 2849 - 2028. What are the prime factors of i?
821
Suppose -2983 = -4*r - m + 550, -4*m = -4. What are the prime factors of r?
883
Suppose -3*v + 12 = 0, -4*v + 0*v - 1176 = -4*u. What are the prime factors of u?
2, 149
Suppose 21603 = 35*s - 9162. What are the prime factors of s?
3, 293
Let g(j) = 41*j - 397. List the prime factors of g(50).
3, 19, 29
What are the prime factors of (-5)/10*(2 - 1444)?
7, 103
Suppose 0 = 9*a - 7*a - 2. Let f be 60/15 - (a + -1). Suppose 3*v - 3*l = 2*v + 49, -f*v = 2*l - 140. List the prime factors of v.
37
Suppose 0*b - 8*b = -1296. Suppose 2*c + 0*c - b = 0. What are the prime factors of c?
3
Let w be (-4)/(-1 - -3)*-1. Let j = -14 + w. Let b = 15 + j. List the prime factors of b.
3
Suppose -11 = -4*v + 17. List the prime factors of (((-162)/21)/(-3))/(v/147).
2, 3
What are the prime factors of 4/(-6) + 8574*(-11)/(-99)?
2, 7, 17
Let f(h) = -3*h + 9. Let a(s) = s + 6. Let p be a(-3). Let x be f(p). Suppose x*j + 4 = 5*d - 4*j, 5*d - 5*j = 0. What are the prime factors of d?
2
Suppose 4*a - 5*n = -3*n + 108, -5*a + 137 = -3*n. Let b = a - 41. Let s = 2 - b. List the prime factors of s.
2, 3
Let r(v) = v**3 + 13*v**2 + v + 14. Let u be r(-13). List the prime factors of ((-87)/(-6))/(u/2).
29
Let r be -17 + 20 + -1 + 1. Suppose r*m + 2*m - 190 = 0. What are the prime factors of m?
2, 19
Let z = 13 + -13. Suppose 155 + 55 = 3*d - 3*j, z = -j + 2. What are the prime factors of d?
2, 3
Suppose 0 = 2*m + 4*f + 98, -3*f + 33 - 81 = m. Let z = 158 + -241. Let n = m - z. What are the prime factors of n?
2
Let k = 0 + 2. Suppose -h - 2*b = 20, 100 = -3*h - 2*h + 5*b. Let u = k - h. What are the prime factors of u?
2, 11
Let m = -8 - 20. List the prime factors of (m/8)/(1/(-10)).
5, 7
Suppose -28*v = 71 - 463. Let z(i) = 5*i + 9. Let u(f) = 3*f + 4. Let d(o) = 7*u(o) - 4*z(o). What are the prime factors of d(v)?
2, 3
Suppose -8*i + 14996 = 15*i. What are the prime factors of i?
2, 163
List the prime factors of 90/(-240) - 2582/(-16).
7, 23
Let u(w) = -915*w**3 - 3*w - 3. List the prime factors of u(-1).
3, 5, 61
Suppose 3*o - 5 + 3 = 5*m, -4*o = -4*m - 8. Let v = -49 + o. Let w = v - -94. What are the prime factors of w?
7
Suppose 3*b = 5*f + 1458, 5*b - 1054 = -5*f + 1416. What are the prime factors of b?
491
Suppose 4*v - 15 = -3*l, -4*v - 26 + 6 = -4*l. Suppose 1 = -z + l. Suppose 140 = z*n + n. What are the prime factors of n?
2, 7
Let m = -68 + 137. Suppose 15 = x + c + c, 4*x = c + m. List the prime factors of x.
17
Let v(a) = 5*a**2 + 7*a + 3. Suppose -5*s = -10, 0*j - 2*j - 14 = -2*s. What are the prime factors of v(j)?
3, 31
Let j(p) = p**3 - 3*p - 4. Let k be j(-2). Let u be (-58)/18 - k/27. List the prime factors of u - 0 - (-108)/2.
3, 17
What are the prime factors of 12*(284/16)/((-10)/(-40))?
2, 3, 71
Let x be (-44)/6 + (-1)/(-3). Let s(m) = -131*m**2 - 8 - 6*m + 130*m**2 - 5 - 7*m. List the prime factors of s(x).
29
Let r(l) = 5*l - 25. Let c be r(5). Suppose c*x = 4*f + x - 962, -2*f - 4*x = -474. What are the prime factors of f?
241
Let v = -1569 - -2303. What are the prime factors of v?
2, 367
Let d(q) = 10*q**2 - q - 1. Let u(h) = -h + 1. Let j be u(3). What are the prime factors of d(j)?
41
Let u(g) = 4*g**2 - 5*g + 8. Let v(p) = 8*p**2 - 10*p + 16. Let n(c) = 5*u(c) - 2*v(c). What are the prime factors of n(7)?
13
Let v be 6 + (2 - 4 - -5). Suppose 0 = -4*h - 12, -4*t + v*t - 3*h = 294. What are the prime factors of t?
3, 19
Let s(o) = -228*o - 143. List the prime factors of s(-11).
5, 11, 43
Suppose 14*n - 97 = 13*n. List the prime factors of n.
97
Let f(g) = 10*g**2 + 1. Let b be (-72)/(-18) + (-4 - -1). Let x be f(b). Suppose 8*n + 63 = x*n. What are the prime factors of n?
3, 7
Let y be (1 + 3)/(4 - 2). Suppose -7 = y*q - 3. Let h = q - -10. What are the prime factors of h?
2
Let a = 304 - 169. Suppose 18 = -3*y + a. What are the prime factors of y?
3, 13
Suppose 2*o + 1 = -u, 2 + 1 = 3*u + 4*o. Let j(a) = 2*a**2 - 3*a - 11. What are the prime factors of j(u)?
2, 3
Suppose -25*h = -28*h - j + 2318, 3862 = 5*h + 2*j. List the prime factors of h.
2, 3, 43
Let i(w) = w**3 + 20*w**2 - 9*w - 6. What are the prime factors of i(-7)?
2, 347
Suppose -3*d + 0 + 3 = 0, -5*d - 6470 = 5*c. Let n be c/(-6) + 5/30. Suppose s + 0*z - 65 = 4*z, -5*z = -4*s + n. List the prime factors of s.
7
Suppose -3*h = -0*h - 2*h. What are the prime factors of (35 + 0)*(1 - h)?
5, 7
List the prime factors of ((-38)/(-8))/(9/3240).
2, 3, 5, 19
Suppose -15 = -0*s + 5*s. Let t = s - -8. Suppose -3*u = g - 25, 2*u = -t*g + g. What are the prime factors of u?
2, 5
Let u = 4943 + -3515. What are the prime factors of u?
2, 3, 7, 17
Suppose 4*n = -3*b + 32, 0*n - 12 = 2*b - 4*n. Let i(a) be the second derivative of a**4/6 - a**3/2 + 2*a**2 + a. List the prime factors of i(b).
2, 3
Suppose 0 = -3*z + 58 - 10. Suppose -z - 28 = -4*f. List the prime factors of f.
11
Suppose -517 = -4*i + 763. List the prime factors of i.
2, 5
Let o = -93 - -448. List the prime factors of o.
5, 71
Suppose 2*c + 9 = 4*c - 5*w, -w - 45 = 5*c. Suppose 0 = -8*y - 8*y - 64. What are the prime factors of 52/c*(y + 2)?
13
Let k(r) = -r**2 + 3*r + 13. Let b be k(6). Let m be (-13)/b + (-3)/5. Suppose 5*a + 4*q - 111 = q, -2*a = m*q - 42. List the prime factors of a.
2, 3
Let v(r) = -2*r**2 - 2*r - 3. Let c be v(-2). Let j(f) = f**2 + 6*f - 9. Let l be j(c). List the prime factors of (l + -14)/((-12)/18).
2, 3
Let u = 6 + -4. Suppose -x = u*w - 25, -4*x - x - 15 = 0. Let p = 29 - w. What are the prime factors of p?
3, 5
Let k(l) = l**3 - 31*l**2 + 35*l - 34. What are the prime factors of k(30)?
2, 29
Let g(s) = -s**2 + 14*s + 2. Let m be g(14). Suppose -8 = -3*t - m. Suppose t*x + 0*x = 80. List the prime factors of x.
2, 5
List the prime factors of -5 + 4 + -5 - (13 - 436).
3, 139
Let d(b) = -b**2 + 16*b + 4. Let l be d(16). Let c(j) be the first derivative of 5*j**2/2 + j - 1. What are the prime factors of c(l)?
3, 7
Suppose 0 = 9*l + l - 70. Let m(s) = 5*s**2 - 7*s - 20. What are the prime factors of m(l)?
2, 11
Let g = -4 - -6. Suppose 0 = -g*x - x + 9. Suppose x = -4*m + 5*m. List the prime factors of m.
3
Let h be 12/8*(-16)/(-6). Let l(y) = y. Let j be l(h). Suppose -6*z = -2*z - j*u - 80, -3*z + 2*u + 57 = 0. List the prime factors of z.
17
Suppose -9*q = -q. List the prime factors of (282/15 - q)*(9 - -1).
2, 47
Let w = 925 + -364. What are the prime factors of w?
3, 11, 17
Let x(c) = -c**3 - 20*c**2 - 27*c - 24. Let h be x(-19). Suppose -7*y = -5*y + h. What are the prime factors of y/(-3) - (-1)/(-3)?
3, 7
Let u(w) be the second derivative of -w**5/10 + w**4/2 - w**3/6 - w**2/2 - 6*w. Let s be u(4). Let a = 59 + s. What are the prime factors of a?
2, 11
Suppose 3617 = 5*b + 2*t - 1799, 0 = -4*t + 12. What are the prime factors of b?
2, 541
Suppose -16 = 3*o - 7*o, 2*o = 5*v + 3. Let f(w) be the third derivative of 23*w**5/30 - w**4/8 + w**3/6 + w**2. What are the prime factors of f(v)?
2, 11
Let h(t) = -t**3 - 11*t**2 + 10*t. Let w(f) = 2*f**3 - 5*f**2 - f - 9. Let x be w(4). Let a be ((-24)/(-14))/((-5)/x). List the prime factors of h(a).
2, 3
Let k(o) be the second derivative of -o**5/20 - o**4/6 + o**3/6 + o**2/2 + 9*o. List the prime factors of k(-6).
139
List the prime factors of (-3)/15 + 18819/45.
2, 11, 19
Suppose -11*k = 4*k - 36465. W